37778122?
7
What is the units digit of 85923869?
9
What is the millions digit of 571324036?
1
What is the millions digit of 896333895?
6
What is the hundred millions digit of 368206092?
3
What is the ten thousands digit of 589287069?
8
What is the millions digit of 3385767283?
5
What is the millions digit of 178187957?
8
What is the hundreds digit of 239318432?
4
What is the hundreds digit of 416796081?
0
What is the hundreds digit of 1116177696?
6
What is the ten thousands digit of 692828520?
2
What is the hundreds digit of 159087027?
0
What is the thousands digit of 466283151?
3
What is the hundreds digit of 45884225?
2
What is the tens digit of 597392889?
8
What is the ten thousands digit of 423876499?
7
What is the thousands digit of 1043766475?
6
What is the hundred thousands digit of 946486223?
4
What is the ten thousands digit of 196229257?
2
What is the thousands digit of 189841044?
1
What is the ten thousands digit of 1329771225?
7
What is the units digit of 146230829?
9
What is the ten thousands digit of 1981493508?
9
What is the ten millions digit of 118019606?
1
What is the tens digit of 761489184?
8
What is the hundred millions digit of 834107112?
8
What is the millions digit of 179657573?
9
What is the tens digit of 6137686?
8
What is the hundreds digit of 84386730?
7
What is the hundred thousands digit of 850280800?
2
What is the units digit of 68883695?
5
What is the tens digit of 98257414?
1
What is the units digit of 45052687?
7
What is the ten thousands digit of 108714346?
1
What is the hundreds digit of 63579789?
7
What is the hundreds digit of 73744924?
9
What is the thousands digit of 1940063152?
3
What is the hundred thousands digit of 40265692?
2
What is the hundred thousands digit of 8634467?
6
What is the ten millions digit of 521800583?
2
What is the hundreds digit of 143542086?
0
What is the thousands digit of 200361434?
1
What is the thousands digit of 1171739360?
9
What is the units digit of 2989394251?
1
What is the hundred millions digit of 917641000?
9
What is the hundred millions digit of 171292955?
1
What is the tens digit of 18903856?
5
What is the hundreds digit of 240975664?
6
What is the ten thousands digit of 38383186?
8
What is the ten thousands digit of 456226721?
2
What is the ten thousands digit of 3793896951?
9
What is the hundred millions digit of 346781869?
3
What is the ten millions digit of 610811157?
1
What is the thousands digit of 20448301?
8
What is the hundreds digit of 2786923146?
1
What is the hundreds digit of 314219160?
1
What is the units digit of 303705361?
1
What is the millions digit of 183823856?
3
What is the units digit of 25684720?
0
What is the ten thousands digit of 340637718?
3
What is the ten thousands digit of 36434374?
3
What is the hundred millions digit of 981861377?
9
What is the ten thousands digit of 284326353?
2
What is the hundreds digit of 859649208?
2
What is the thousands digit of 20437110?
7
What is the thousands digit of 6467892068?
2
What is the hundreds digit of 958924658?
6
What is the ten millions digit of 2397489541?
9
What is the ten millions digit of 49432051?
4
What is the units digit of 375843256?
6
What is the millions digit of 113696243?
3
What is the ten thousands digit of 1545592392?
9
What is the hundred thousands digit of 1611955078?
9
What is the units digit of 235322808?
8
What is the millions digit of 90380410?
0
What is the ten thousands digit of 43901152?
0
What is the millions digit of 96329060?
6
What is the hundred thousands digit of 224759228?
7
What is the thousands digit of 740282588?
2
What is the ten thousands digit of 513684448?
8
What is the ten millions digit of 175992529?
7
What is the hundreds digit of 115979085?
0
What is the hundred millions digit of 545649512?
5
What is the thousands digit of 13340787?
0
What is the ten millions digit of 1325396497?
2
What is the ten thousands digit of 971215123?
1
What is the thousands digit of 3309865734?
5
What is the hundred millions digit of 914480202?
9
What is the thousands digit of 2311268063?
8
What is the thousands digit of 938533938?
3
What is the thousands digit of 29860369?
0
What is the hundred thousands digit of 49909115?
9
What is the thousands digit of 48434482?
4
What is the hundred thousands digit of 75135215?
1
What is the units digit of 75104491?
1
What is the thousands digit of 194490754?
0
What is the tens digit of 48845785?
8
What is the hundred thousands digit of 662955497?
9
What is the thousands digit of 347987103?
7
What is the ten millions digit of 158998110?
5
What is the ten millions digit of 4852381878?
5
What is the tens digit of 560485433?
3
What is the millions digit of 166353705?
6
What is the units digit of 28793158?
8
What is the ten millions digit of 62669405?
6
What is the hundreds digit of 57091570?
5
What is the hundred thousands digit of 5831592042?
5
What is the units digit of 439561690?
0
What is the hundreds digit of 1015440518?
5
What is the ten thousands digit of 35548288?
4
What is the tens digit of 7703679?
7
What is the hundred millions digit of 450709963?
4
What is the hundred thousands digit of 1970408407?
4
What is the hundred thousands digit of 279770020?
7
What is the ten thousands digit of 32349746?
4
What is the hundred thousands digit of 28429645?
4
What is the tens digit of 109254020?
2
What is the millions digit of 237078683?
7
What is the tens digit of 450290905?
0
What is the thousands digit of 23398933?
8
What is the tens digit of 231649990?
9
What is the tens digit of 413932987?
8
What is the hundreds digit of 95059922?
9
What is the units digit of 648276823?
3
What is the units digit of 585690876?
6
What is the ten millions digit of 736958452?
3
What is the thousands digit of 186062440?
2
What is the thousands digit of 30123543?
3
What is the tens digit of 30672376?
7
What is the millions digit of 76982966?
6
What is the ten thousands digit of 46227207?
2
What is the ten millions digit of 49101981?
4
What is the ten millions digit of 21876688?
2
What is the hundred thousands digit of 208728171?
7
What is the units digit of 2387802350?
0
What is the tens digit of 2246677228?
2
What is the hundred millions digit of 119309596?
1
What is the units digit of 2172105518?
8
What is the hundred thousands digit of 116633160?
6
What is the ten thousands digit of 17338880?
3
What is the thousands digit of 381600678?
0
What is the tens digit of 154827198?
9
What is the ten thousands digit of 36525254?
2
What is the tens digit of 195183097?
9
What is the hundred thousands digit of 835928270?
9
What is the ten millions digit of 2613044152?
1
What is the hundred thousands digit of 169523943?
5
What is the hundred thousands digit of 2908058782?
0
What is the hundreds digit of 56856898?
8
What is the hundreds digit of 270276083?
0
What is the thousands digit of 734216447?
6
What is the ten millions digit of 106381578?
0
What is the hundreds digit of 14635570?
5
What is the hundred millions digit of 445266435?
4
What is the ten thousands digit of 73874033?
7
What is the hundreds digit of 4875070130?
1
What is the thousands digit of 89537829?
7
What is the ten millions digit of 33534395?
3
What is the tens digit of 75713683?
8
What is the hundred thousands digit of 59098161?
0
What is the millions digit of 3496568?
3
What is the units digit of 2990046861?
1
What is the hundreds digit of 2557908794?
7
What is the tens digit of 23490708?
0
What is the tens digit of 475196755?
5
What is the ten thousands digit of 36020927?
2
What is the hundred thousands digit of 152626947?
6
What is the ten millions digit of 800607010?
0
What is the ten thousands digit of 3875047935?
4
What is the tens digit of 200749363?
6
What is the ten millions digit of 87429813?
8
What is the units digit of 66999995?
5
What is the tens digit of 70794912?
1
What is the millions digit of 97124213?
7
What is the hundreds digit of 706346758?
7
What is the hundreds digit of 149027960?
9
What is the tens digit of 103284893?
9
What is the millions digit of 101047639?
1
What is the thousands digit of 7144519000?
9
What is the ten thousands digit of 434704102?
0
What is the tens digit of 29888475?
7
What is the hundred thousands digit of 14622054?
6
What is the hundreds digit of 43